 is the highest common factor of 40991 and 2519?
229
What is the highest common factor of 1843 and 9797?
97
What is the highest common factor of 1493270 and 186?
62
What is the highest common factor of 22737 and 636?
159
What is the greatest common divisor of 78 and 938925?
39
Calculate the greatest common divisor of 69 and 971129.
23
What is the highest common divisor of 15 and 24945?
15
What is the highest common factor of 15 and 5218485?
15
What is the highest common divisor of 952 and 10388?
28
Calculate the highest common divisor of 82350 and 1170.
90
Calculate the highest common factor of 1178 and 20102.
38
What is the highest common divisor of 54 and 122013?
27
Calculate the highest common divisor of 320 and 2544.
16
What is the highest common divisor of 551 and 141926?
29
What is the greatest common factor of 18873 and 81?
81
Calculate the highest common factor of 54000 and 864.
432
Calculate the greatest common factor of 98 and 50519.
49
What is the highest common factor of 6270 and 5434?
418
What is the highest common factor of 141 and 30691?
47
Calculate the highest common factor of 759 and 202059.
33
What is the highest common factor of 14 and 6183492?
14
Calculate the highest common divisor of 13287 and 1849.
43
What is the highest common factor of 28688 and 1562?
22
What is the highest common factor of 30 and 204410?
10
Calculate the greatest common divisor of 13446 and 342.
18
Calculate the greatest common factor of 800 and 18440.
40
What is the greatest common factor of 2665 and 34235?
205
Calculate the highest common divisor of 3600 and 337275.
225
What is the highest common divisor of 13328 and 2975?
119
What is the greatest common divisor of 12744 and 3624?
24
Calculate the greatest common divisor of 395 and 3635.
5
What is the highest common factor of 724 and 1871902?
362
What is the greatest common factor of 48 and 1673?
1
Calculate the greatest common factor of 3588 and 5727.
69
Calculate the greatest common divisor of 136896 and 32.
32
Calculate the highest common factor of 3 and 1951689.
3
What is the highest common divisor of 280 and 67416?
8
What is the highest common factor of 4402 and 2272?
142
Calculate the highest common factor of 80340 and 6240.
780
What is the greatest common factor of 12 and 4309788?
12
What is the highest common divisor of 55709 and 1411?
17
Calculate the greatest common divisor of 882 and 18081.
441
What is the greatest common factor of 96148 and 78?
26
Calculate the greatest common factor of 7011 and 250838.
779
What is the greatest common divisor of 37407 and 193101?
1011
What is the highest common divisor of 1046 and 1879139?
523
What is the greatest common factor of 31905 and 21979?
709
What is the greatest common divisor of 41494 and 2?
2
Calculate the greatest common factor of 252 and 150500.
28
What is the greatest common factor of 3605 and 756329?
721
Calculate the highest common factor of 40 and 8888.
8
What is the highest common divisor of 117894 and 23814?
294
Calculate the highest common factor of 867 and 117.
3
What is the greatest common divisor of 105 and 89985?
105
Calculate the highest common divisor of 238 and 11606.
14
Calculate the highest common factor of 1032774 and 172.
86
Calculate the greatest common factor of 4162968 and 24.
24
Calculate the greatest common factor of 3128 and 8296.
136
What is the highest common divisor of 658 and 10199?
329
What is the greatest common factor of 9 and 21926?
1
What is the highest common factor of 8478 and 628?
314
What is the highest common divisor of 116 and 2496668?
116
What is the greatest common divisor of 274209 and 237?
237
Calculate the highest common factor of 2086 and 1267245.
1043
What is the greatest common divisor of 22 and 7164674?
22
What is the highest common factor of 11819178 and 266?
266
Calculate the highest common factor of 12638 and 568.
142
What is the greatest common factor of 12 and 224032?
4
What is the highest common divisor of 160 and 4416?
32
What is the greatest common divisor of 6 and 15114?
6
What is the highest common factor of 29193 and 8436?
111
What is the highest common divisor of 9997270 and 10?
10
Calculate the greatest common factor of 105168 and 2817.
939
What is the greatest common divisor of 67048 and 928?
232
Calculate the highest common divisor of 600 and 12096.
24
Calculate the highest common factor of 2210 and 15028.
442
Calculate the greatest common factor of 43372 and 868.
28
What is the greatest common factor of 110831 and 28?
7
What is the greatest common factor of 954 and 11574?
18
What is the greatest common factor of 73050 and 120?
30
What is the greatest common factor of 18 and 1451349?
9
What is the highest common factor of 228978 and 36?
18
Calculate the greatest common divisor of 271206 and 117.
117
Calculate the greatest common factor of 99 and 379467.
99
Calculate the greatest common divisor of 3825 and 123777.
153
Calculate the greatest common factor of 23247 and 1435.
287
What is the highest common divisor of 507 and 16766997?
507
What is the highest common divisor of 12 and 47998?
2
Calculate the greatest common factor of 368697 and 5529.
291
Calculate the greatest common factor of 23667 and 6049.
23
What is the highest common factor of 57100 and 40?
20
What is the greatest common divisor of 541200 and 420?
60
Calculate the greatest common divisor of 316 and 79790.
158
Calculate the greatest common divisor of 31710 and 3710.
70
Calculate the highest common factor of 75 and 20190.
15
What is the highest common divisor of 45 and 14880?
15
Calculate the highest common factor of 627 and 51678.
33
Calculate the greatest common divisor of 1037718 and 297.
297
Calculate the highest common divisor of 16817 and 1273.
67
Calculate the highest common factor of 3228 and 365571.
807
What is the highest common factor of 43484 and 56?
28
What is the highest common divisor of 42 and 1432389?
21
Calculate the highest common divisor of 578 and 39593.
289
What is the greatest common divisor of 2410 and 13690?
10
What is the highest common factor of 2400622 and 28?
14
Calculate the greatest common divisor of 13287 and 903.
129
What is the highest common factor of 8755 and 4223?
103
What is the highest common divisor of 910 and 1190?
70
Calculate the highest common factor of 12 and 3332502.
6
What is the highest common factor of 6558634 and 1564?
782
What is the highest common factor of 14 and 423086?
2
What is the greatest common factor of 5382 and 91?
13
Calculate the greatest common divisor of 168 and 9216.
24
What is the highest common factor of 580 and 11380?
20
Calculate the greatest common divisor of 71440 and 320.
80
Calculate the greatest common divisor of 53981 and 69.
23
Calculate the greatest common divisor of 1122 and 221496.
66
What is the greatest common factor of 1268950 and 75?
25
Calculate the highest common factor of 888 and 22422.
222
What is the greatest common factor of 1070 and 190?
10
What is the highest common factor of 1812 and 205813?
151
What is the highest common factor of 99 and 2638251?
99
Calculate the greatest common factor of 11445 and 29505.
105
Calculate the greatest common factor of 103370 and 10.
10
What is the greatest common divisor of 21976 and 4264?
328
What is the greatest common divisor of 41846 and 1220?
122
What is the greatest common factor of 1392 and 127716?
348
Calculate the greatest common factor of 684 and 204174.
342
Calculate the highest common divisor of 128538 and 444.
222
What is the highest common factor of 9280 and 640?
320
Calculate the highest common divisor of 639 and 213994.
71
Calculate the greatest common factor of 2569804 and 236.
236
Calculate the greatest common divisor of 39 and 195897.
39
What is the greatest common factor of 695664 and 576?
144
What is the highest common divisor of 1245 and 4965?
15
Calculate the greatest common divisor of 3553 and 308.
11
Calculate the greatest common factor of 2040 and 69240.
120
What is the highest common factor of 6012884 and 248?
124
What is the highest common divisor of 11 and 73249?
11
Calculate the greatest common factor of 297597 and 3.
3
Calculate the greatest common divisor of 5960 and 2936.
8
Calculate the greatest common divisor of 4418 and 3572.
94
What is the greatest co